mainder when f is divided by 1/2 + 87/6?
12
Let b = -58 - -115. Calculate the remainder when b is divided by 21.
15
Suppose 217 = -2*r + 33. Calculate the remainder when (3 + -1)*r/(-8) is divided by 13.
10
Suppose 3*l = l + 4. Let q(o) = -5 - 7*o**l - 8*o - o**3 - 1 - 2. What is the remainder when 7 is divided by q(-6)?
3
Suppose 15 - 5 = -5*z. Let u = -4 - -7. Let f = u + z. Calculate the remainder when 1 is divided by f.
0
Let t = 6 + -5. Let m be t/(-5) - (-2)/10. Suppose -4*i - 16 = 0, -a - 3*i = -m*a - 4. Calculate the remainder when a is divided by 6.
4
Let i = 35 - 30. What is the remainder when 13 is divided by i?
3
Suppose -6*k - 260 = -8*k. What is the remainder when k is divided by 12?
10
Let n(j) = -14*j - 21. What is the remainder when n(-5) is divided by 14?
7
What is the remainder when 3 is divided by ((-3)/(-12))/((-1)/(-8))?
1
Let m(z) = 9*z. Suppose 2*a - 4 = -0. Suppose 3*p = -9, -2*d + 153 = d + 2*p. Calculate the remainder when d is divided by m(a).
17
Calculate the remainder when 72 is divided by 5/(-1)*15/(-3).
22
Suppose 3*k = -4*i + 354, -6*k + 9*k + i = 345. What is the remainder when k is divided by 29?
27
Let m(u) = -u**2 - 5*u - 3. Let a be m(-5). Let x = a + 5. Suppose -4*d + 41 = 3*s, s - x = 3*s. What is the remainder when 31 is divided by d?
9
Let l = -1 + 3. Let i = l - -11. Suppose -i - 17 = -5*y. What is the remainder when y is divided by 4?
2
Let u(j) = -5*j - 2. Calculate the remainder when u(-6) is divided by 16.
12
Let t be 1 + 1 + 2/1. What is the remainder when 29 is divided by (-2)/4 + 34/t?
5
Let n(g) = 3*g - 3. Calculate the remainder when 15 is divided by n(3).
3
Suppose -2*r + w = -4*r + 75, 2*w = 2*r - 84. Calculate the remainder when 115 is divided by r.
37
Let y = 10 - -2. Suppose -m + 5*m = 0. Suppose 3*b - 110 = -2*o, 3*o - 80 = -2*b - m*o. What is the remainder when b is divided by y?
10
Suppose j - 2*u - 12 = 0, -8 = 4*j - u - 21. What is the remainder when j is divided by 1?
0
Let k(b) = b**3 - 3*b**2 - 3*b + 6. Let s be k(5). Let f = 30 + s. Suppose 5 = 2*n + 1, 5*x = -3*n + f. What is the remainder when x is divided by 7?
6
Let w = -74 + 156. Suppose -2*d - w = -2*m, -3*d = 3*m + 64 - 199. Let q(h) = -h + 12. Calculate the remainder when m is divided by q(-3).
13
Suppose 3*n = 2*k + 16, -5*k - 7 = n - 3*n. Let r = n - -45. Calculate the remainder when r is divided by 13.
12
Suppose 4*v = -4*d - 4, 2*d + v = -2*d + 2. What is the remainder when d is divided by 1?
0
Let c = -5 - -7. Let n = 5 - c. Suppose -3*g + 66 = 5*j, -2*j + g + 24 = n*g. Calculate the remainder when 43 is divided by j.
13
Suppose 4*v + 159 = 5*k, -5*k - 2*v + 166 - 13 = 0. What is the remainder when (2 - 2/2)*k is divided by 17?
14
Let d = -11 + 3. Let h(t) = t**3 + 8 - 3 + 3 + 8*t**2. Calculate the remainder when h(d) is divided by 3.
2
Let f = -39 - -49. Let x(h) = -3*h**3 - 4*h - 3. Let m be (9/(-6))/(3/4). What is the remainder when x(m) is divided by f?
9
Suppose 2*a + 1 = 9. Suppose -3 = -3*d + 3*b, -5*d + 7*b = a*b - 13. What is the remainder when (14 - 15) + -1 + 16 is divided by d?
4
Suppose -207*q - 126 = -213*q. Calculate the remainder when 81 is divided by q.
18
Suppose 3*a + 4*g = 108, -3*a = -2*a + 5*g - 25. Calculate the remainder when a is divided by 7.
5
Suppose -3*r + 4*x = -2*r - 3, -r + 3*x = -8. Let z = r + -11. Calculate the remainder when 23 is divided by z.
11
Suppose 0 = 2*z - 5*z. Let s = -178 + 182. Suppose o + s*j - 31 = z, 27 + 0 = 2*o + j. What is the remainder when o is divided by 6?
5
Let q = 1 + 2. Suppose 52 = 2*y + 2*y + 4*b, -2*b + 40 = q*y. Calculate the remainder when y is divided by 4.
2
Calculate the remainder when (0 - 1) + 60/15 is divided by 3.
0
Let h = -36 - -83. What is the remainder when 138 is divided by h?
44
Let i = 14 - 14. Suppose -3*f + 4*f - 13 = i. What is the remainder when 63 is divided by f?
11
What is the remainder when (-3 + 10/5)*(-62 - -2) is divided by 16?
12
Let h(m) = -m - 4. Let s(n) = -n**2 + 1. Let w be s(-1). Calculate the remainder when (3 - w)/(3/15) is divided by h(-10).
3
Let g = 248 - 164. What is the remainder when g is divided by 11?
7
Let p be 1 - 14*3/6. Let c = 7 + p. Let d = 0 - -2. Calculate the remainder when d is divided by c.
0
Suppose 0 = 3*o - 2*p + 120, 2*o + 20 = 2*p - 58. Let x = 100 + o. Suppose b = -4*m + 28, -b + 3*m + 2*m + 10 = 0. What is the remainder when x is divided by b?
18
Calculate the remainder when (-2)/(((-3)/22)/(27/12)) is divided by 18.
15
Suppose -d - y = -17, 2*d = 6*d + 2*y - 68. Calculate the remainder when d is divided by 6.
5
Let s be -5 + 5 - 2/(-1). Suppose z - q = 30, -2*z - s*q = q - 50. Calculate the remainder when z is divided by 10.
8
Let r = 5 + 10. Let x = r + -8. What is the remainder when x is divided by 4?
3
Let g = -64 + 128. Let w(n) = -3*n**3 - 3*n - 8. Calculate the remainder when g is divided by w(-2).
20
Calculate the remainder when 63 is divided by -2 - (15/5 + -39 + 2).
31
Let d = 54 + -41. What is the remainder when 75 is divided by d?
10
Suppose 95 = 4*a + 15. Calculate the remainder when 39 is divided by a.
19
Let a = 13 + -8. Suppose 5*n - 3*x - 72 = 0, 3*n + 0*x + x - 46 = 0. Suppose -2*b + 3 = -n. Calculate the remainder when b is divided by a.
4
Suppose 0 = 5*w + 52 - 312. What is the remainder when w is divided by 9?
7
Let h(c) be the second derivative of -c**5/20 - 2*c**4/3 + 7*c**3/6 - c**2/2 + c. Calculate the remainder when 49 is divided by h(-9).
15
Let y(q) = -q**3 + 7*q**2 - 5*q + 8. Let h(k) = -k - 1. Let t(w) = h(w) + y(w). Calculate the remainder when t(5) is divided by 15.
12
Suppose -2*i - 3*a + 21 = 0, -2*i - i + 4*a = -23. What is the remainder when 35 is divided by i?
8
Suppose 50 = 5*x - 5*o, 2*x + 3*o - 7*o - 20 = 0. What is the remainder when 27 is divided by x?
7
Suppose 2*g + d = 3*g + 12, 2*g = -5*d - 3. Let h = g + 14. Let a = -2 + 10. What is the remainder when a is divided by h?
3
Suppose -3*b = -b + 4*z + 4, 0 = -3*z - 6. Let l = b + 12. Calculate the remainder when 27 is divided by l.
13
Suppose 2*q - 3 - 3 = 0. What is the remainder when (-2 + 1)*q - -22 is divided by 11?
8
Suppose -i + 23 = -o, 0 = -0*i + 2*i + o - 43. What is the remainder when i is divided by 8?
6
Let f(c) = 5*c**3 + c + 2. Let n be f(2). Let u = -30 + n. Calculate the remainder when 0 - 1 - (-123)/3 is divided by u.
12
Let k(u) = -u**3 + 11*u**2 - 8*u - 8. Let m = -8 + 18. Calculate the remainder when 34 is divided by k(m).
10
Let s(b) = -b**2 - 8*b - 9. Let u be s(-6). Suppose -6 = -u*z - 3*j + j, 3*z = -5*j + 15. Let y = 17 - z. What is the remainder when y is divided by 9?
8
Suppose 0 = -4*w - 5*u + 37, 0*w + 4*w = -4*u + 40. Calculate the remainder when w is divided by 4.
1
Let w be 0/(-2) - (0 - 3). Suppose 7*g = w*g - 148. Let q = -21 - g. Calculate the remainder when q is divided by 6.
4
Suppose 132 = 8*j - 4*j. Let y = -115 - -244. What is the remainder when y is divided by j?
30
Let s(j) = 2*j - 8. Let n(l) = -l**3 + 5*l**2 + 5*l + 5. Calculate the remainder when n(5) is divided by s(8).
6
Suppose 5*l - 15 = 4*o, 4*l - 19 + 1 = 2*o. Let r = l - 3. Let g = -2 + 4. What is the remainder when r is divided by g?
0
Let g(i) = 6*i**3 + i**2 + i + 1. Let l = 6 - 4. Calculate the remainder when g(l) is divided by 3/6 + -1 - 195/(-10).
17
Let a = -37 - -71. Calculate the remainder when 66 is divided by a.
32
Let y be (10/2)/(3/6). Calculate the remainder when ((-5)/y)/((-1)/26) is divided by 7.
6
Suppose 14*z = 9*z + 225. Suppose -3*w + 54 = 18. Calculate the remainder when z is divided by w.
9
Let a(h) = h**3 + 8*h**2 + 12*h + 15. What is the remainder when 27 is divided by a(-6)?
12
Suppose -5*x + 98 = 13. Calculate the remainder when 65 is divided by x.
14
Suppose -4*n + p + 110 = 0, 0 = -n - 3*n + 3*p + 114. Calculate the remainder when 52 is divided by n.
25
Suppose -2*t = 2*f - 36, -2*t + 0*t - 3*f + 40 = 0. Calculate the remainder when 20 is divided by t.
6
Suppose d = 7*r - 2*r - 298, -3*r + 5*d = -192. Suppose t + 67 = 4*y, r = 3*y + 3*t - 2*t. What is the remainder when y is divided by 10?
8
Suppose -3*g - 2*z + 185 = 0, -5*g + 228 = -g - 2*z. What is the remainder when g is divided by 31?
28
Let q = 33 + 34. Calculate the remainder when q is divided by 23.
21
Suppos